
-246 (base 14) to base 10
-454
14066 (base 9) to base 14
3693
Convert 26964 (base 11) to base 10.
38427
-121112 (base 4) to base 9
-2202
5130 (base 9) to base 12
2209
Convert 1463a (base 11) to base 12.
bbba
-e35 (base 15) to base 13
-15c2
Convert 1c8 (base 15) to base 11.
346
Convert 11012122 (base 3) to base 10.
3068
Convert -1604 (base 7) to base 9.
-782
What is -1585 (base 9) in base 14?
-627
803 (base 14) to base 9
2135
-27c (base 14) to base 16
-1f6
Convert 4052 (base 6) to base 8.
1600
-7889 (base 12) to base 5
-411403
What is 33220 (base 4) in base 5?
13000
Convert 31303 (base 5) to base 14.
a86
Convert 142010 (base 7) to base 16.
69e0
Convert -2b46 (base 13) to base 9.
-8582
131210 (base 6) to base 13
559b
What is 56b (base 15) in base 11?
a15
Convert -10417 (base 8) to base 16.
-110f
What is 1001111000011 (base 2) in base 14?
1bb5
1000101001 (base 2) to base 15
26d
-1212011 (base 3) to base 2
-10101001010
Convert -58 (base 9) to base 10.
-53
Convert 42 (base 12) to base 11.
46
-1320310 (base 4) to base 12
-4584
-12 (base 3) to base 10
-5
1288 (base 10) to base 5
20123
Convert -243302 (base 5) to base 8.
-21762
What is 457 (base 11) in base 8?
1042
What is 190d (base 16) in base 15?
1d78
Convert 15806 (base 11) to base 12.
10a7a
What is 12995 (base 13) in base 3?
1202110102
What is -101001101 (base 2) in base 13?
-1c8
What is 5a4 (base 12) in base 2?
1101001100
Convert -41522 (base 6) to base 14.
-2078
What is db (base 14) in base 16?
c1
Convert 399 (base 12) to base 6.
2313
5bee (base 16) to base 10
23534
-342 (base 11) to base 4
-12121
What is 1000110101011 (base 2) in base 9?
6175
36118 (base 9) to base 2
101111001011011
What is -21024 (base 5) in base 2?
-10101101101
What is -301e (base 16) in base 9?
-17806
What is -11607 (base 11) in base 9?
-24821
-5505 (base 7) to base 5
-30330
What is -2050 (base 6) in base 7?
-1230
What is 1852 (base 9) in base 7?
4103
Convert 1344 (base 7) to base 13.
312
What is 248 (base 10) in base 8?
370
What is -2002222 (base 3) in base 16?
-602
Convert cbc5 (base 13) to base 12.
14514
What is 217e (base 16) in base 13?
3b97
What is -13023 (base 5) in base 4?
-33311
What is 313121 (base 4) in base 15?
10b5
189a (base 11) to base 13
1133
Convert 910 (base 11) to base 16.
44c
211222001 (base 3) to base 7
66544
-b8 (base 12) to base 10
-140
What is -206 (base 8) in base 4?
-2012
3300333 (base 5) to base 16
dc17
What is 1461 (base 15) in base 6?
32114
Convert 65 (base 9) to base 15.
3e
-33331 (base 4) to base 7
-2656
2002 (base 4) to base 7
244
What is 11295 (base 11) in base 2?
11111110111110
Convert -1510 (base 15) to base 9.
-6166
-22130 (base 4) to base 13
-3c5
-694 (base 11) to base 10
-829
-a91 (base 15) to base 7
-6646
Convert 3a4 (base 16) to base 6.
4152
Convert 24626 (base 7) to base 4.
1211120
Convert -317 (base 11) to base 8.
-575
Convert 62536 (base 9) to base 3.
2002121020
What is -31021 (base 5) in base 4?
-133123
Convert -4043400 (base 5) to base 4.
-33333003
-116 (base 8) to base 3
-2220
Convert -21132 (base 8) to base 14.
-32c2
6563 (base 7) to base 8
4454
Convert 244523 (base 6) to base 10.
21795
30230 (base 5) to base 13
b63
Convert 120 (base 6) to base 14.
36
44d6 (base 15) to base 4
3210021
Convert -1647 (base 13) to base 4.
-303012
-164 (base 15) to base 6
-1251
Convert 284 (base 10) to base 6.
1152
What is -100111011 (base 2) in base 13?
-1b3
-10020212 (base 3) to base 9
-3225
What is 73ef (base 16) in base 3?
1111201020
2120122 (base 3) to base 7
5324
What is -1235 (base 6) in base 5?
-2221
Convert 4084 (base 9) to base 7.
11503
What is -576a (base 14) in base 4?
-3231102
-23022 (base 4) to base 15
-329
What is 210 (base 3) in base 13?
18
What is 10406 (base 7) in base 11?
1a57
21850 (base 11) to base 7
161143
Convert 15005 (base 6) to base 4.
211031
2212220 (base 3) to base 15
953
1010111000110 (base 2) to base 11
4208
What is -1b41 (base 12) in base 9?
-4544
What is 13173 (base 10) in base 16?
3375
Convert -3141441 (base 5) to base 12.
-26636
Convert -1447 (base 16) to base 7.
-21064
-322101 (base 7) to base 15
-118a9
Convert -12243 (base 5) to base 10.
-948
Convert 2112000 (base 3) to base 2.
11100101100
Convert 135224 (base 6) to base 8.
31040
-116401 (base 8) to base 2
-1001110100000001
Convert 160 (base 15) to base 2.
100111011
Convert -861 (base 12) to base 6.
-5401
What is -33203 (base 5) in base 15?
-a38
What is d4 (base 16) in base 12?
158
What is 20340 (base 6) in base 16?
aa4
Convert -110101 (base 4) to base 6.
-10001
-102240 (base 6) to base 9
-12346
-11112020 (base 3) to base 12
-1ab0
Convert 23100 (base 5) to base 9.
2233
Convert 10113320 (base 4) to base 12.
a448
What is 129 (base 16) in base 14?
173
What is -1110000111 (base 2) in base 9?
-1213
Convert -6568 (base 9) to base 2.
-1001011101001
What is -2022102 (base 3) in base 11?
-12a2
Convert -2212200 (base 3) to base 13.
-c54
What is -6140 (base 10) in base 3?
-22102102
Convert -51680 (base 9) to base 7.
-201252
Convert 11112 (base 5) to base 11.
651
What is 2a50 (base 15) in base 13?
4191
What is -26482 (base 11) in base 13?
-142bc
1121221 (base 4) to base 8
13151
-1847 (base 10) to base 3
-2112102
What is 8868 (base 13) in base 12?
b006
Convert -37563 (base 9) to base 13.
-b652
Convert -9c8a (base 16) to base 15.
-bd19
Convert 111011110 (base 2) to base 15.
21d
-166 (base 12) to base 9
-266
55b8 (base 13) to base 12
6b25
What is -1010110011 (base 2) in base 11?
-579
Convert -657 (base 9) to base 15.
-25d
Convert 1401 (base 5) to base 2.
11100010
What is 433662 (base 7) in base 3?
10211222100
Convert -da3 (base 14) to base 6.
-20243
Convert 4084 (base 11) to base 3.
21102121
Convert 102210100 (base 3) to base 15.
2830
-10433 (base 5) to base 14
-3b1
303b (base 16) to base 11
9305
3204 (base 7) to base 3
1112220
12337 (base 9) to base 12
4974
68aa (base 15) to base 12
10a2a
-1323221 (base 4) to base 14
-2c53
Convert -32032 (base 5) to base 13.
-c8a
1120120 (base 3) to base 2
10001111101
What is 854 (base 12) in base 14?
62c
Convert a28 (base 11) to base 9.
1627
What is -35 (base 8) in base 14?
-21
84470 (base 10) to base 4
110213312
200021 (base 3) to base 2
111101101
Convert 13133 (base 5) to base 12.
72b
What is 540631 (base 7) in base 2?
10110111100000011
-7cb3 (base 14) to base 9
-32710
What is -9503 (base 10) in base 7?
-36464
-23231022 (base 4) to base 14
-1368a
1011111 (base 2) to base 16
5f
What is 3297 (base 14) in base 8?
21065
121301 (base 5) to base 6
33104
-100100011 (base 2) to base 6
-1203
4b5 (base 16) to base 3
1122122
Convert -30352 (base 6) to base 8.
-7674
Convert 22110100 (base 4) to base 6.
523344
Convert -113101 (base 5) to base 15.
-136b
What is 564 (base 15) in base 5?
14334
-a019 (base 12) to base 15
-51d6
What is 11322 (base 4) in base 8?
572
What is -100110000000 (base 2) in base 4?
-212000
What is 113013 (base 4) in base 3?
2000210
Convert 56406 (base 11) to base 2.
10011111100010001
What is 2261 (base 10) in base 6?
14245
Convert -965 (base 14) to base 10.
-1853
Convert 3140 (base 5) to base 3.
120120
-97f4 (base 16) to base 6
-500032
Convert 50206 (base 8) to base 7.
114046
What is 3302022 (base 4) in base 7?
63120
Convert 1724 (base 9) to base 16.
526
19fd (base 16) to base 12
3a25
Convert -2551 (base 13) to base 4.
-1102321
Convert -4 (base 16) to base 7.
-4
-3848 (base 9) to base 3
-10221122
What is 1221 (base 3) in base 10?
52
What is 18116 (base 9) in base 16?
30c9
What is -260363 (base 7) in base 16?
-bc54
What is 6753 (base 15) in base 8?
52617
What is -4611 (base 7) in base 6?
-11430
Convert bb (base 16) to base 4.
2323
Convert 3373 (base 10) to base 2.
110100101101
Convert -352345 (base 6) to base 9.
-45602
Convert -1001 (base 7) to base 13.
-206
What is -b802 (base 12) in base 2?
-100111011000010
1984 (base 11) to base 3
10110001
Convert -c78 (base 14) to base 3.
-10101001
What is 89b4 (base 12) in base 9?
22831
Convert -1ac (base 15) to base 16.
-183
What is 2b96 (base 14) in base 3?
101200000
-1203 (base 6) to base 15
-146
What is 526 (base 8) in base 12?
246
What is -22022233 (base 4) in base 14?
-1126b
1462 (base 10) to base 14
766
What is 3274 (base 10) in base 2?
110011001010
What is -514 (base 15) in base 3?
-1120101
What is 6450 (base 11) in base 12?
4b25
Con